{"id":2962,"date":"2024-12-12T21:56:30","date_gmt":"2024-12-13T02:56:30","guid":{"rendered":"https:\/\/cccdecolombia.com\/ccc\/?page_id=2962"},"modified":"2024-12-13T19:51:00","modified_gmt":"2024-12-14T00:51:00","slug":"cammy-la-bitacora-de-mantenimiento-mas-completa-para-su-eds","status":"publish","type":"page","link":"https:\/\/cccdecolombia.com\/ccc\/cammy-la-bitacora-de-mantenimiento-mas-completa-para-su-eds\/","title":{"rendered":"CAMMY, la bit\u00e1cora de mantenimiento m\u00e1s completa para su EDS"},"content":{"rendered":"\t\t<div data-elementor-type=\"wp-page\" data-elementor-id=\"2962\" class=\"elementor elementor-2962\" data-elementor-post-type=\"page\">\n\t\t\t\t<div class=\"elementor-element elementor-element-509043d e-flex e-con-boxed e-con e-parent\" data-id=\"509043d\" data-element_type=\"container\" data-e-type=\"container\">\n\t\t\t\t\t<div class=\"e-con-inner\">\n\t\t<div class=\"elementor-element elementor-element-1c12d7f e-con-full e-flex e-con e-child\" data-id=\"1c12d7f\" data-element_type=\"container\" data-e-type=\"container\">\n\t\t\t\t<\/div>\n\t\t<div class=\"elementor-element elementor-element-cb59410 e-con-full e-flex e-con e-child\" data-id=\"cb59410\" data-element_type=\"container\" data-e-type=\"container\">\n\t\t<div class=\"elementor-element elementor-element-008203a e-con-full e-flex e-con e-child\" data-id=\"008203a\" data-element_type=\"container\" data-e-type=\"container\">\n\t\t\t\t<div class=\"elementor-element elementor-element-350539f elementor-widget elementor-widget-image\" data-id=\"350539f\" data-element_type=\"widget\" data-e-type=\"widget\" data-widget_type=\"image.default\">\n\t\t\t\t<div class=\"elementor-widget-container\">\n\t\t\t\t\t\t\t\t\t\t\t\t\t\t\t<img fetchpriority=\"high\" decoding=\"async\" width=\"1024\" height=\"512\" src=\"https:\/\/cccdecolombia.com\/ccc\/wp-content\/uploads\/2024\/12\/5_Articulo_5-1024x512.jpg\" class=\"attachment-large size-large wp-image-3018\" alt=\"\" srcset=\"https:\/\/cccdecolombia.com\/ccc\/wp-content\/uploads\/2024\/12\/5_Articulo_5-1024x512.jpg 1024w, https:\/\/cccdecolombia.com\/ccc\/wp-content\/uploads\/2024\/12\/5_Articulo_5-300x150.jpg 300w, https:\/\/cccdecolombia.com\/ccc\/wp-content\/uploads\/2024\/12\/5_Articulo_5-768x384.jpg 768w, https:\/\/cccdecolombia.com\/ccc\/wp-content\/uploads\/2024\/12\/5_Articulo_5.jpg 1075w\" sizes=\"(max-width: 1024px) 100vw, 1024px\" \/>\t\t\t\t\t\t\t\t\t\t\t\t\t\t\t<\/div>\n\t\t\t\t<\/div>\n\t\t\t\t<div class=\"elementor-element elementor-element-41e500e elementor-widget elementor-widget-text-editor\" data-id=\"41e500e\" data-element_type=\"widget\" data-e-type=\"widget\" data-widget_type=\"text-editor.default\">\n\t\t\t\t<div class=\"elementor-widget-container\">\n\t\t\t\t\t\t\t\t\t<h2 style=\"color: #000;\"><b>CAMMY, la bit\u00e1cora de mantenimiento m\u00e1s completa para su EDS<\/b><\/h2><p><strong>Un nuevo desarrollo tecnol\u00f3gico que permite hacer acompa\u00f1amiento a cada uno de los procesos y requerimientos que debe atender en su operaci\u00f3n diaria de comercializaci\u00f3n de combustible.<\/strong><\/p><p><span style=\"font-weight: 400;\">Que una estaci\u00f3n de servicio pueda mantener actualizada toda la informaci\u00f3n que genera en sus procesos internos y en el mantenimiento de sus instalaciones; y al mismo tiempo hacer seguimiento en l\u00ednea a todos los requerimientos del Reglamento T\u00e9cnico para EDS es hoy posible gracias a una herramienta tecnol\u00f3gica desarrollada por CCC.<br \/><\/span><span style=\"font-weight: 400;\"><br \/>Se trata de CAMMY Mi Estaci\u00f3n, uno de los aplicativos que hace parte de los desarrollos tecnol\u00f3gicos implementados por el holding empresarial CCC de Colombia y que hoy ofrece a las m\u00e1s de 6.400 estaciones de servicio del pa\u00eds que comercializan combustibles l\u00edquidos en su cadena de abastecimiento.<br \/><\/span><span style=\"font-weight: 400;\"><br \/>CAMMY es -hoy por hoy- la bit\u00e1cora m\u00e1s completa de mantenimiento de una estaci\u00f3n de servicio y se convierte en la herramienta virtual ideal para hacer acompa\u00f1amiento a cada uno de los procesos y requerimientos que debe atender la EDS en su operaci\u00f3n diaria de venta de combustible.<br \/><\/span><span style=\"font-weight: 400;\"><br \/>Esta herramienta lleva el seguimiento y un programa de mantenimiento de toda la estaci\u00f3n, que genera una hoja de vida de todos los equipos y sus componentes, un programa de mantenimiento del tanque de almacenamiento, almacena los documentos legales y los documentos t\u00e9cnicos de la estaci\u00f3n en la nube, las pruebas de hermeticidad, de manera que toda la informaci\u00f3n quede disponible en formato digital cuando se requiera.<br \/><\/span><span style=\"font-weight: 400;\"><br \/>\u201cCAMMY naci\u00f3 a comienzos de 2022 y era algo muy b\u00e1sico, una aplicaci\u00f3n para diligenciar una bit\u00e1cora de registros para cuando el evaluador llegara a la estaci\u00f3n tuviera un punto de referencia. Era un listado de \u00edtems donde se tomaban fotos y se inclu\u00edan como evidencia. Con el tiempo ha ido evolucionando al manejo completo de la informaci\u00f3n de una EDS\u201d, asegura el ingeniero Aldair Osorio, l\u00edder de este desarrollo tecnol\u00f3gico en CCC.<br \/><\/span><span style=\"font-weight: 400;\"><br \/>Hoy, las m\u00e1s de 100 estaciones de servicio que tienen acceso a esta herramienta lo hacen gratuitamente y a\u00fan est\u00e1 disponible para cualquier EDS del pa\u00eds. En el mediano plazo, la idea es tener una suscripci\u00f3n mensual o anual para poder acceder a la plataforma. Adem\u00e1s, su acceso ya no est\u00e1 limitado a un celular como era al principio, sino que tambi\u00e9n se puede acceder en una tableta o un computador, siempre y cuando sea un dispositivo con sistema Android.<br \/><\/span><\/p><p><span style=\"font-weight: 400; color: orange; font-size: 22px;\"><b>\u2018Tener una bit\u00e1cora con informaci\u00f3n actualizada es importante para una EDS al momento de la visita de inspecci\u00f3n o de cualquier autoridad del sector\u2019.<\/b><\/span><\/p><p><span style=\"font-weight: 400;\">\u201cTrabajamos con unos servidores especiales y muy robustos que nos brindan toda la seguridad para el manejo de la informaci\u00f3n que generan las estaciones en la plataforma. A ella solo se accede mediante una contrase\u00f1a individual por cada cliente y contamos con soporte permanente de la herramienta para todos nuestros clientes\u201d, cuenta el ingeniero Aldair.<br \/><\/span><span style=\"font-weight: 400;\"><br \/>El paso a seguir con CAMMY es hacer el enlace con SOCANEXT, otro desarrollo tecnol\u00f3gico de CCC, para que se pueda suministrar en l\u00ednea toda la informaci\u00f3n de la estaci\u00f3n al momento de realizar la inspecci\u00f3n de la instalaci\u00f3n. Lo que se pretende es una articulaci\u00f3n con los procesos de inspecci\u00f3n y certificaci\u00f3n de la estaci\u00f3n.<br \/><\/span><span style=\"font-weight: 400;\"><br \/>Y, adicionalmente, que CAMMY pueda trabajar con los diferentes entes certificadores del pa\u00eds y suministre la informaci\u00f3n necesaria para los procesos de inspecci\u00f3n que realicen a las estaciones de servicio del pa\u00eds.<br \/><\/span><span style=\"font-weight: 400;\"><br \/>\u201cEstamos actualizando los tutoriales, el paso a paso, para que el manejo de la herramienta sea lo m\u00e1s did\u00e1ctico posible para cualquier administrador o propietario de estaci\u00f3n. Todos los requerimientos incorporados en el Reglamento T\u00e9cnico est\u00e1n incluidos en la aplicaci\u00f3n\u201d, afirma el ingeniero Osorio.<br \/><\/span><span style=\"font-weight: 400;\"><br \/>Pero, \u00bfpor qu\u00e9 es importante el desarrollo de este tipo de herramientas tecnol\u00f3gicas?<br \/><\/span><span style=\"font-weight: 400;\"><br \/>El ingeniero Aldair Osorio tiene una respuesta clara: \u201cPrimero que todo para generar eficacia al momento de cumplir con los requisitos de inspecci\u00f3n y certificaci\u00f3n. Genera confianza a todos los actores de que todos los procesos se han hecho bien y de que la estaci\u00f3n va a cumplir con los tiempos para obtener su certificado. Tener una bit\u00e1cora con informaci\u00f3n actualizada es importante al momento de la visita de inspecci\u00f3n o de cualquier autoridad del sector\u201d.<br \/><\/span><span style=\"font-weight: 400;\"><br \/>En la actualidad, el \u00e1rea de desarrollo tecnol\u00f3gico de CCC trabaja en un desarrollo para que CAMMY pueda ser utilizada por estaciones de servicio que comercializan energ\u00e9ticos como GNV y GLP. Y, adem\u00e1s, se quiere incorporar el chat de inteligencia artificial, de manera que el cliente pueda responder sus dudas sobre el Reglamento T\u00e9cnico en un solo sitio.<br \/><\/span><\/p>\t\t\t\t\t\t\t\t<\/div>\n\t\t\t\t<\/div>\n\t\t\t\t<\/div>\n\t\t<div class=\"elementor-element elementor-element-02f400e e-con-full e-flex e-con e-child\" data-id=\"02f400e\" data-element_type=\"container\" data-e-type=\"container\">\n\t\t<div class=\"elementor-element elementor-element-e50a614 e-con-full e-flex e-con e-child\" data-id=\"e50a614\" data-element_type=\"container\" data-e-type=\"container\" data-settings=\"{&quot;background_background&quot;:&quot;classic&quot;}\">\n\t\t\t\t<div class=\"elementor-element elementor-element-a65d848 elementor-widget elementor-widget-heading\" data-id=\"a65d848\" data-element_type=\"widget\" data-e-type=\"widget\" data-widget_type=\"heading.default\">\n\t\t\t\t<div class=\"elementor-widget-container\">\n\t\t\t\t\t<h2 class=\"elementor-heading-title elementor-size-default\">Bolet\u00edn CCC de Colombia<\/h2>\t\t\t\t<\/div>\n\t\t\t\t<\/div>\n\t\t\t\t<div class=\"elementor-element elementor-element-9f8e31b elementor-widget elementor-widget-text-editor\" data-id=\"9f8e31b\" data-element_type=\"widget\" data-e-type=\"widget\" data-widget_type=\"text-editor.default\">\n\t\t\t\t<div class=\"elementor-widget-container\">\n\t\t\t\t\t\t\t\t\t<p>Reciba toda la informaci\u00f3n del grupo empresarial colombiano en su correo electr\u00f3nico o en su celular y ent\u00e9rese de las \u00faltimas novedades, noticias, comunicados y eventos.<\/p>\t\t\t\t\t\t\t\t<\/div>\n\t\t\t\t<\/div>\n\t\t\t\t<div class=\"elementor-element elementor-element-c88df1e elementor-widget elementor-widget-shortcode\" data-id=\"c88df1e\" data-element_type=\"widget\" data-e-type=\"widget\" data-widget_type=\"shortcode.default\">\n\t\t\t\t<div class=\"elementor-widget-container\">\n\t\t\t\t\t\t\t<div class=\"elementor-shortcode\">\n<div class=\"wpcf7 no-js\" id=\"wpcf7-f1990-o1\" lang=\"es-CO\" dir=\"ltr\" data-wpcf7-id=\"1990\">\n<div class=\"screen-reader-response\"><p role=\"status\" aria-live=\"polite\" aria-atomic=\"true\"><\/p> <ul><\/ul><\/div>\n<form action=\"\/ccc\/wp-json\/wp\/v2\/pages\/2962#wpcf7-f1990-o1\" method=\"post\" class=\"wpcf7-form init\" aria-label=\"Formulario de contacto\" novalidate=\"novalidate\" data-status=\"init\">\n<fieldset class=\"hidden-fields-container\"><input type=\"hidden\" name=\"_wpcf7\" value=\"1990\" \/><input type=\"hidden\" name=\"_wpcf7_version\" value=\"6.1.5\" \/><input type=\"hidden\" name=\"_wpcf7_locale\" value=\"es_CO\" \/><input type=\"hidden\" name=\"_wpcf7_unit_tag\" value=\"wpcf7-f1990-o1\" \/><input type=\"hidden\" name=\"_wpcf7_container_post\" value=\"0\" \/><input type=\"hidden\" name=\"_wpcf7_posted_data_hash\" value=\"\" \/><input type=\"hidden\" name=\"_wpcf7_recaptcha_response\" value=\"\" \/>\n<\/fieldset>\n<p><label> Nombre:<br \/>\n<span class=\"wpcf7-form-control-wrap\" data-name=\"your-name\"><input size=\"40\" maxlength=\"400\" class=\"wpcf7-form-control wpcf7-text wpcf7-validates-as-required\" autocomplete=\"name\" aria-required=\"true\" aria-invalid=\"false\" value=\"\" type=\"text\" name=\"your-name\" \/><\/span> <\/label>\n<\/p>\n<p><label> Celular:<br \/>\n<span class=\"wpcf7-form-control-wrap\" data-name=\"Celular\"><input size=\"40\" maxlength=\"400\" class=\"wpcf7-form-control wpcf7-text wpcf7-validates-as-required\" aria-required=\"true\" aria-invalid=\"false\" value=\"\" type=\"text\" name=\"Celular\" \/><\/span> <\/label>\n<\/p>\n<p><label> Correo Electr\u00f3nico:<br \/>\n<span class=\"wpcf7-form-control-wrap\" data-name=\"your-email\"><input size=\"40\" maxlength=\"400\" class=\"wpcf7-form-control wpcf7-email wpcf7-validates-as-required wpcf7-text wpcf7-validates-as-email\" autocomplete=\"email\" aria-required=\"true\" aria-invalid=\"false\" value=\"\" type=\"email\" name=\"your-email\" \/><\/span> <\/label>\n<\/p>\n<p><input class=\"wpcf7-form-control wpcf7-submit has-spinner\" type=\"submit\" value=\"Enviar\" \/>\n<\/p><div class=\"wpcf7-response-output\" aria-hidden=\"true\"><\/div>\n<\/form>\n<\/div>\n<\/div>\n\t\t\t\t\t\t<\/div>\n\t\t\t\t<\/div>\n\t\t\t\t<\/div>\n\t\t\t\t<\/div>\n\t\t\t\t<\/div>\n\t\t<div class=\"elementor-element elementor-element-571a820 e-con-full e-flex e-con e-child\" data-id=\"571a820\" data-element_type=\"container\" data-e-type=\"container\">\n\t\t\t\t<\/div>\n\t\t\t\t\t<\/div>\n\t\t\t\t<\/div>\n\t\t\t\t<\/div>\n\t\t","protected":false},"excerpt":{"rendered":"<p>CAMMY, la bit\u00e1cora de mantenimiento m\u00e1s completa para su EDS Un nuevo desarrollo tecnol\u00f3gico que permite hacer acompa\u00f1amiento a cada uno de los procesos y requerimientos que debe atender en su operaci\u00f3n diaria de comercializaci\u00f3n de combustible. Que una estaci\u00f3n de servicio pueda mantener actualizada toda la informaci\u00f3n que genera en sus procesos internos y [&hellip;]<\/p>\n","protected":false},"author":3,"featured_media":0,"parent":0,"menu_order":0,"comment_status":"closed","ping_status":"closed","template":"","meta":{"_monsterinsights_skip_tracking":false,"_monsterinsights_sitenote_active":false,"_monsterinsights_sitenote_note":"","_monsterinsights_sitenote_category":0,"_uf_show_specific_survey":0,"_uf_disable_surveys":false,"_joinchat":[],"footnotes":""},"class_list":["post-2962","page","type-page","status-publish","hentry"],"aioseo_notices":[],"_links":{"self":[{"href":"https:\/\/cccdecolombia.com\/ccc\/wp-json\/wp\/v2\/pages\/2962","targetHints":{"allow":["GET"]}}],"collection":[{"href":"https:\/\/cccdecolombia.com\/ccc\/wp-json\/wp\/v2\/pages"}],"about":[{"href":"https:\/\/cccdecolombia.com\/ccc\/wp-json\/wp\/v2\/types\/page"}],"author":[{"embeddable":true,"href":"https:\/\/cccdecolombia.com\/ccc\/wp-json\/wp\/v2\/users\/3"}],"replies":[{"embeddable":true,"href":"https:\/\/cccdecolombia.com\/ccc\/wp-json\/wp\/v2\/comments?post=2962"}],"version-history":[{"count":7,"href":"https:\/\/cccdecolombia.com\/ccc\/wp-json\/wp\/v2\/pages\/2962\/revisions"}],"predecessor-version":[{"id":3122,"href":"https:\/\/cccdecolombia.com\/ccc\/wp-json\/wp\/v2\/pages\/2962\/revisions\/3122"}],"wp:attachment":[{"href":"https:\/\/cccdecolombia.com\/ccc\/wp-json\/wp\/v2\/media?parent=2962"}],"curies":[{"name":"wp","href":"https:\/\/api.w.org\/{rel}","templated":true}]}}