{"id":3454,"date":"2025-05-23T21:09:35","date_gmt":"2025-05-24T02:09:35","guid":{"rendered":"https:\/\/cccdecolombia.com\/ccc\/?page_id=3454"},"modified":"2025-05-26T21:56:23","modified_gmt":"2025-05-27T02:56:23","slug":"la-evaluacion-de-la-conformidad-es-una-actividad-muy-importante-para-la-vida-diaria-de-la-gente","status":"publish","type":"page","link":"https:\/\/cccdecolombia.com\/ccc\/la-evaluacion-de-la-conformidad-es-una-actividad-muy-importante-para-la-vida-diaria-de-la-gente\/","title":{"rendered":"La evaluaci\u00f3n de la conformidad es una actividad muy importante para la vida diaria de la gente"},"content":{"rendered":"\t\t<div data-elementor-type=\"wp-page\" data-elementor-id=\"3454\" class=\"elementor elementor-3454\" data-elementor-post-type=\"page\">\n\t\t\t\t<div class=\"elementor-element elementor-element-1bd5479 e-flex e-con-boxed e-con e-parent\" data-id=\"1bd5479\" data-element_type=\"container\" data-e-type=\"container\">\n\t\t\t\t\t<div class=\"e-con-inner\">\n\t\t<div class=\"elementor-element elementor-element-59fddae e-con-full e-flex e-con e-child\" data-id=\"59fddae\" data-element_type=\"container\" data-e-type=\"container\">\n\t\t\t\t<\/div>\n\t\t<div class=\"elementor-element elementor-element-d3be792 e-con-full e-flex e-con e-child\" data-id=\"d3be792\" data-element_type=\"container\" data-e-type=\"container\">\n\t\t<div class=\"elementor-element elementor-element-a8c1164 e-con-full e-flex e-con e-child\" data-id=\"a8c1164\" data-element_type=\"container\" data-e-type=\"container\">\n\t\t\t\t<div class=\"elementor-element elementor-element-f3dcb91 elementor-widget elementor-widget-image\" data-id=\"f3dcb91\" data-element_type=\"widget\" data-e-type=\"widget\" data-widget_type=\"image.default\">\n\t\t\t\t<div class=\"elementor-widget-container\">\n\t\t\t\t\t\t\t\t\t\t\t\t\t\t\t<img fetchpriority=\"high\" decoding=\"async\" width=\"1024\" height=\"512\" src=\"https:\/\/cccdecolombia.com\/ccc\/wp-content\/uploads\/2025\/05\/2_Articulo_2-1024x512.jpg\" class=\"attachment-large size-large wp-image-3456\" alt=\"\" srcset=\"https:\/\/cccdecolombia.com\/ccc\/wp-content\/uploads\/2025\/05\/2_Articulo_2-1024x512.jpg 1024w, https:\/\/cccdecolombia.com\/ccc\/wp-content\/uploads\/2025\/05\/2_Articulo_2-300x150.jpg 300w, https:\/\/cccdecolombia.com\/ccc\/wp-content\/uploads\/2025\/05\/2_Articulo_2-768x384.jpg 768w, https:\/\/cccdecolombia.com\/ccc\/wp-content\/uploads\/2025\/05\/2_Articulo_2.jpg 1075w\" sizes=\"(max-width: 1024px) 100vw, 1024px\" \/>\t\t\t\t\t\t\t\t\t\t\t\t\t\t\t<\/div>\n\t\t\t\t<\/div>\n\t\t\t\t<div class=\"elementor-element elementor-element-cf15772 elementor-widget elementor-widget-text-editor\" data-id=\"cf15772\" data-element_type=\"widget\" data-e-type=\"widget\" data-widget_type=\"text-editor.default\">\n\t\t\t\t<div class=\"elementor-widget-container\">\n\t\t\t\t\t\t\t\t\t<h2 style=\"color: #000;\"><b>\u2018La evaluaci\u00f3n de la conformidad es una actividad muy importante para la vida diaria de la gente\u2019<\/b><\/h2><h4 style=\"color: #000;\"><b>Entrevistamos a Mar\u00eda Carolina Lorduy, presidenta ejecutiva de Asocec, el gremio que re\u00fane a los m\u00e1s importantes organismos de evaluaci\u00f3n de la conformidad del pa\u00eds. Esta es su visi\u00f3n de un sector clave para el pa\u00eds.<\/b><\/h4><p><b>\u00bfQu\u00e9 es Asocec?<\/b><\/p><p><span style=\"font-weight: 400;\">Asocec es la sigla de la Asociaci\u00f3n Colombiana de Organismos Evaluadores de la Conformidad, el gremio m\u00e1s representativo de los organismos evaluadores de la conformidad, sin incluir a los CRC y los CDA. En Asocec se concentran los m\u00e1s grandes y los m\u00e1s visibles organismos que hoy en d\u00eda est\u00e1n acreditados en Colombia por la ONAC.<\/span><\/p><p><b>\u00bfCu\u00e1ntos organismos est\u00e1n asociados en Asocec hoy?<\/b><\/p><p><span style=\"font-weight: 400;\">Estamos hablando de 50 organismos en este momento. Tenemos una oficina en Bogot\u00e1, pero nuestros organismos asociados tienen presencia nacional y operaci\u00f3n en varias ciudades del pa\u00eds.<\/span><\/p><p><b>\u00bfCu\u00e1l fue la motivaci\u00f3n principal para crear esta asociaci\u00f3n?<\/b><\/p><p><span style=\"font-weight: 400;\">Asosec cumpli\u00f3 21 a\u00f1os el pasado 27 de febrero, se cre\u00f3 en 2004, con el objeto de impulsar la acreditaci\u00f3n y la evaluaci\u00f3n de la conformidad en Colombia. El gobierno nacional estaba en el plan de fortalecer la infraestructura de la calidad y estas acreditaciones que antes las hac\u00eda la Superintendencia de Industria y Comercio se las entreg\u00f3 a un ente independiente, que hoy en d\u00eda es el Organismo Nacional de Acreditaci\u00f3n (ONAC), que en ese momento apenas se creaba.<\/span><\/p><p><b>\u00bfPor qu\u00e9 los Centros de Reconocimiento de Conductores (CRC) y los Centros de Diagn\u00f3stico Automotor (CDA) no hacen parte de la estructura del gremio?<\/b><\/p><p><span style=\"font-weight: 400;\">Hoy en d\u00eda m\u00e1s del 80% de los organismos acreditados corresponden a esas dos categor\u00edas y, como son tantos, pues tienen su propio gremio por sus particularidades. Son acreditaciones para actividades que solo se pueden realizar en el territorio nacional. Tienen sus propios intereses, por eso no est\u00e1n dentro de Asocec.<\/span><\/p><p><b>\u00bfCu\u00e1les son las principales l\u00edneas de trabajo de Asocec?<\/b><\/p><p><span style=\"font-weight: 400;\">Asocec promueve de manera general que los organismos evaluadores de la conformidad tengan un terreno competitivo para actuar dentro y fuera del pa\u00eds. Velamos d\u00eda a d\u00eda porque los reglamentos t\u00e9cnicos como las normas voluntarias que nuestros asociados acreditan tengan las bases t\u00e9cnicas y las bases regulatorias suficientes que les permitan competir en igualdad de condiciones frente a otros competidores del exterior.<\/span><\/p><p><span style=\"font-weight: 400;\">Adicionalmente contamos con numerosos grupos de trabajo que hemos creado con temas muy espec\u00edficos, en el entendido de que nuestros asociados puedan participar abiertamente y que los planes y las estrategias que salgan de cada grupo las podamos aplicar.\u00a0<\/span><\/p><p><span style=\"font-weight: 400;\">Asocec mantiene relaciones permanentes con las entidades del gobierno, las entidades regulatorias, las entidades de supervisi\u00f3n y las dem\u00e1s entidades del Subsistema Nacional de Calidad (Sical): Onac, el Instituto Nacional de Metrolog\u00eda, el Instituto Nacional de Normalizaci\u00f3n, la Direcci\u00f3n de Regulaci\u00f3n del Ministerio de Comercio y la Superintendencia de Industria y Comercio.<\/span><\/p><p><b>\u00bfAsocec desarrolla un trabajo articulado con Onac?<\/b><\/p><p><span style=\"font-weight: 400;\">Tenemos una agenda permanente con Onac en temas de acreditaci\u00f3n que tienen que ver con la forma como se llevan a cabo las acreditaciones y con temas coyunturales, cuando alg\u00fan reglamento t\u00e9cnico amerite una conversaci\u00f3n. Adem\u00e1s, Asocec hace parte del consejo directivo de Onac, el comit\u00e9 administrativo y financiero, el comit\u00e9 de buen gobierno, el comit\u00e9 t\u00e9cnico y el comit\u00e9 presupuestal.<\/span><\/p><p><span style=\"font-weight: 400;\">Mi diario vivir es hablar con Onac. Nos reunimos cada mes con varios organismos del Sical en temas de cooperaci\u00f3n internacional y temas internos. Es muy demandante el trabajo del gremio.<\/span><\/p><p><b>\u00bfPor qu\u00e9 es importante la evaluaci\u00f3n de la conformidad?<\/b><\/p><p><span style=\"font-weight: 400;\">No es una pregunta banal. La gran mayor\u00eda de los consumidores no sabe qu\u00e9 hay detr\u00e1s de los productos y servicios que adquieren a diario. Detr\u00e1s de cada producto y servicio hay un sinn\u00famero de actividades que se llevan a cabo para que ese producto o servicio se preste en las condiciones adecuadas de idoneidad, calidad y seguridad.<\/span><\/p><p><span style=\"font-weight: 400;\">Los organismos evaluadores de la conformidad son como unos notarios, que dan fe de que un producto o servicio no va a causarle da\u00f1o a la gente y tiene unas condiciones de calidad que les permite satisfacer lo que esas empresas est\u00e1n ofreciendo.<\/span><\/p><p><span style=\"font-weight: 400;\">La evaluaci\u00f3n de la conformidad es una actividad sumamente importante para la vida diaria de la gente, como pesar un producto en una balanza o llenar el tanque de combustible del carro. Es algo que est\u00e1 detr\u00e1s de cada cosa que consumimos a diario.<\/span><\/p><p><span style=\"font-weight: 400; color: orange; font-size: 22px;\"><strong>\u2018Detr\u00e1s de cada producto y servicio hay un sinn\u00famero de actividades que se llevan a cabo para que ese producto o servicio se preste en las condiciones adecuadas de idoneidad, calidad y seguridad\u2019.<\/strong><\/span><\/p><p><b>\u00bfDesde su experiencia, cu\u00e1les son esos tres elementos que usted considere deben estar en una primera l\u00ednea de vanguardia para un organismo de la conformidad?<\/b><\/p><p><span style=\"font-weight: 400;\">Lo primero es la competencia t\u00e9cnica. Que las personas que hacen las evaluaciones y las auditor\u00edas deben estar muy preparadas, tener una experiencia id\u00f3nea. Hacer evaluaciones de la conformidad no es una tarea f\u00e1cil. Las evaluaciones que se hacen son muy t\u00e9cnicas, por lo tanto, esa competencia t\u00e9cnica es lo primero que debe tener un organismo evaluador de la conformidad.<\/span><\/p><p><span style=\"font-weight: 400;\">Lo segundo es un rigor especial al realizar las evaluaciones. Debe ser un organismo que mantenga sus procesos y procedimientos como debe ser. De esa manera, tanto el evaluador como el evaluado est\u00e1n seguros que los procesos se llevaron adecuadamente.<\/span><\/p><p><span style=\"font-weight: 400;\">Lo tercero es que realmente todas sus actuaciones dentro del mundo de la evaluaci\u00f3n de la conformidad generen confianza. La evaluaci\u00f3n misma, sus actuaciones en el mercado, los comportamientos de sus evaluadores\u2026 Al fin y al cabo, el mundo de la infraestructura de la calidad es el mundo de la confianza.<\/span><\/p><p><b>\u00bfSi usted pudiera determinar una amenaza que enfrente el sector en Colombia cu\u00e1l podr\u00eda ser?<\/b><\/p><p><span style=\"font-weight: 400;\">Tenemos varios retos en materia regulatoria. Que las regulaciones se hagan con un rigor t\u00e9cnico, que remitan a normas t\u00e9cnicas y no que las regulaciones contengan los requisitos t\u00e9cnicos. Tenemos unos retos en materia de volver a hacer regulaciones acordes con los est\u00e1ndares nacionales e internacionales.\u00a0<\/span><\/p><p><span style=\"font-weight: 400;\">Otro reto es la llegada de certificados del exterior, que muchas veces la autoridad de supervisi\u00f3n no tiene c\u00f3mo verificar, porque su actividad es muy dom\u00e9stica. O la llegada de nuestros certificados a otros pa\u00edses que han impuesto barreras t\u00e9cnicas y administrativas.<\/span><\/p><p><span style=\"font-weight: 400;\">Tenemos el reto de que las instalaciones que sean inspeccionadas cumplan con todo y que no las maquillen cuando va el inspector. Eso tiene que ver con la periodicidad con la que se hacen las evaluaciones, que no deben ser tan lejanas.<\/span><\/p><p><b>\u00bfEs muy fuerte la competencia internacional en este tema?<\/b><\/p><p><span style=\"font-weight: 400;\">En inspecci\u00f3n no tanto, porque las inspecciones son m\u00e1s locales. Pero en otros temas si es muy fuerte la competencia, porque los pa\u00edses a veces tienen varios organismos de acreditaci\u00f3n. La competencia para nosotros ya es internacional.<\/span><\/p><div style=\"border: 1px solid gray; padding: 15px;\"><p><b>Una mujer \u2018atrapada\u2019 por la calidad<br \/><\/b><\/p><p>Carolina Lorduy es abogada de profesi\u00f3n, con dos maestr\u00edas a cuestas, con una carrera intensamente ligada al sector de la calidad durante muchos a\u00f1os.<\/p><p>Desde noviembre de 2023 es la presidenta ejecutiva de Asocec. Como ella misma lo dice, \u2018ha estado metida en el mundo de la calidad desde hace muchos a\u00f1os\u2019. Fue directora jur\u00eddica de la Superintendencia de Industria y Comercio, directora de Regulaci\u00f3n del Ministerio de Comercio, directora de la C\u00e1mara de Alimentos de la Andi, presidenta del consejo ejecutivo de Onac, presidenta del consejo directivo de Icontec como representante del gobierno y de la Andi.<\/p><p>\u201cLa calidad me ha perseguido desde siempre hasta que me atrap\u00f3 otra vez\u201d, es la frase que define a esta mujer, una de las expertas m\u00e1s calificada en un sector clave para la econom\u00eda del pa\u00eds.<\/p><\/div>\t\t\t\t\t\t\t\t<\/div>\n\t\t\t\t<\/div>\n\t\t\t\t<\/div>\n\t\t<div class=\"elementor-element elementor-element-a0563b3 e-con-full e-flex e-con e-child\" data-id=\"a0563b3\" data-element_type=\"container\" data-e-type=\"container\">\n\t\t<div class=\"elementor-element elementor-element-4cccc44 e-con-full e-flex e-con e-child\" data-id=\"4cccc44\" data-element_type=\"container\" data-e-type=\"container\" data-settings=\"{&quot;background_background&quot;:&quot;classic&quot;}\">\n\t\t\t\t<div class=\"elementor-element elementor-element-764f0d3 elementor-widget elementor-widget-heading\" data-id=\"764f0d3\" data-element_type=\"widget\" data-e-type=\"widget\" data-widget_type=\"heading.default\">\n\t\t\t\t<div class=\"elementor-widget-container\">\n\t\t\t\t\t<h2 class=\"elementor-heading-title elementor-size-default\">Bolet\u00edn CCC de Colombia<\/h2>\t\t\t\t<\/div>\n\t\t\t\t<\/div>\n\t\t\t\t<div class=\"elementor-element elementor-element-c23945f elementor-widget elementor-widget-text-editor\" data-id=\"c23945f\" data-element_type=\"widget\" data-e-type=\"widget\" data-widget_type=\"text-editor.default\">\n\t\t\t\t<div class=\"elementor-widget-container\">\n\t\t\t\t\t\t\t\t\t<p>Reciba toda la informaci\u00f3n del grupo empresarial colombiano en su correo electr\u00f3nico o en su celular y ent\u00e9rese de las \u00faltimas novedades, noticias, comunicados y eventos.<\/p>\t\t\t\t\t\t\t\t<\/div>\n\t\t\t\t<\/div>\n\t\t\t\t<div class=\"elementor-element elementor-element-82cc1c6 elementor-widget elementor-widget-shortcode\" data-id=\"82cc1c6\" data-element_type=\"widget\" data-e-type=\"widget\" data-widget_type=\"shortcode.default\">\n\t\t\t\t<div class=\"elementor-widget-container\">\n\t\t\t\t\t\t\t<div class=\"elementor-shortcode\">\n<div class=\"wpcf7 no-js\" id=\"wpcf7-f1990-o1\" lang=\"es-CO\" dir=\"ltr\" data-wpcf7-id=\"1990\">\n<div class=\"screen-reader-response\"><p role=\"status\" aria-live=\"polite\" aria-atomic=\"true\"><\/p> <ul><\/ul><\/div>\n<form action=\"\/ccc\/wp-json\/wp\/v2\/pages\/3454#wpcf7-f1990-o1\" method=\"post\" class=\"wpcf7-form init\" aria-label=\"Formulario de contacto\" novalidate=\"novalidate\" data-status=\"init\">\n<fieldset class=\"hidden-fields-container\"><input type=\"hidden\" name=\"_wpcf7\" value=\"1990\" \/><input type=\"hidden\" name=\"_wpcf7_version\" value=\"6.1.5\" \/><input type=\"hidden\" name=\"_wpcf7_locale\" value=\"es_CO\" \/><input type=\"hidden\" name=\"_wpcf7_unit_tag\" value=\"wpcf7-f1990-o1\" \/><input type=\"hidden\" name=\"_wpcf7_container_post\" value=\"0\" \/><input type=\"hidden\" name=\"_wpcf7_posted_data_hash\" value=\"\" \/><input type=\"hidden\" name=\"_wpcf7_recaptcha_response\" value=\"\" \/>\n<\/fieldset>\n<p><label> Nombre:<br \/>\n<span class=\"wpcf7-form-control-wrap\" data-name=\"your-name\"><input size=\"40\" maxlength=\"400\" class=\"wpcf7-form-control wpcf7-text wpcf7-validates-as-required\" autocomplete=\"name\" aria-required=\"true\" aria-invalid=\"false\" value=\"\" type=\"text\" name=\"your-name\" \/><\/span> <\/label>\n<\/p>\n<p><label> Celular:<br \/>\n<span class=\"wpcf7-form-control-wrap\" data-name=\"Celular\"><input size=\"40\" maxlength=\"400\" class=\"wpcf7-form-control wpcf7-text wpcf7-validates-as-required\" aria-required=\"true\" aria-invalid=\"false\" value=\"\" type=\"text\" name=\"Celular\" \/><\/span> <\/label>\n<\/p>\n<p><label> Correo Electr\u00f3nico:<br \/>\n<span class=\"wpcf7-form-control-wrap\" data-name=\"your-email\"><input size=\"40\" maxlength=\"400\" class=\"wpcf7-form-control wpcf7-email wpcf7-validates-as-required wpcf7-text wpcf7-validates-as-email\" autocomplete=\"email\" aria-required=\"true\" aria-invalid=\"false\" value=\"\" type=\"email\" name=\"your-email\" \/><\/span> <\/label>\n<\/p>\n<p><input class=\"wpcf7-form-control wpcf7-submit has-spinner\" type=\"submit\" value=\"Enviar\" \/>\n<\/p><div class=\"wpcf7-response-output\" aria-hidden=\"true\"><\/div>\n<\/form>\n<\/div>\n<\/div>\n\t\t\t\t\t\t<\/div>\n\t\t\t\t<\/div>\n\t\t\t\t<\/div>\n\t\t\t\t<\/div>\n\t\t\t\t<\/div>\n\t\t<div class=\"elementor-element elementor-element-1a34d4b e-con-full e-flex e-con e-child\" data-id=\"1a34d4b\" data-element_type=\"container\" data-e-type=\"container\">\n\t\t\t\t<\/div>\n\t\t\t\t\t<\/div>\n\t\t\t\t<\/div>\n\t\t\t\t<\/div>\n\t\t","protected":false},"excerpt":{"rendered":"<p>\u2018La evaluaci\u00f3n de la conformidad es una actividad muy importante para la vida diaria de la gente\u2019 Entrevistamos a Mar\u00eda Carolina Lorduy, presidenta ejecutiva de Asocec, el gremio que re\u00fane a los m\u00e1s importantes organismos de evaluaci\u00f3n de la conformidad del pa\u00eds. Esta es su visi\u00f3n de un sector clave para el pa\u00eds. \u00bfQu\u00e9 es [&hellip;]<\/p>\n","protected":false},"author":3,"featured_media":0,"parent":0,"menu_order":0,"comment_status":"closed","ping_status":"closed","template":"","meta":{"_monsterinsights_skip_tracking":false,"_monsterinsights_sitenote_active":false,"_monsterinsights_sitenote_note":"","_monsterinsights_sitenote_category":0,"_uf_show_specific_survey":0,"_uf_disable_surveys":false,"_joinchat":[],"footnotes":""},"class_list":["post-3454","page","type-page","status-publish","hentry"],"aioseo_notices":[],"_links":{"self":[{"href":"https:\/\/cccdecolombia.com\/ccc\/wp-json\/wp\/v2\/pages\/3454","targetHints":{"allow":["GET"]}}],"collection":[{"href":"https:\/\/cccdecolombia.com\/ccc\/wp-json\/wp\/v2\/pages"}],"about":[{"href":"https:\/\/cccdecolombia.com\/ccc\/wp-json\/wp\/v2\/types\/page"}],"author":[{"embeddable":true,"href":"https:\/\/cccdecolombia.com\/ccc\/wp-json\/wp\/v2\/users\/3"}],"replies":[{"embeddable":true,"href":"https:\/\/cccdecolombia.com\/ccc\/wp-json\/wp\/v2\/comments?post=3454"}],"version-history":[{"count":10,"href":"https:\/\/cccdecolombia.com\/ccc\/wp-json\/wp\/v2\/pages\/3454\/revisions"}],"predecessor-version":[{"id":3573,"href":"https:\/\/cccdecolombia.com\/ccc\/wp-json\/wp\/v2\/pages\/3454\/revisions\/3573"}],"wp:attachment":[{"href":"https:\/\/cccdecolombia.com\/ccc\/wp-json\/wp\/v2\/media?parent=3454"}],"curies":[{"name":"wp","href":"https:\/\/api.w.org\/{rel}","templated":true}]}}